
Let p be (-187)/(-55) + (-4)/10. Suppose 0 = y - 5, -2*y + 125 = 4*r + p*y. List the prime factors of r.
5
Suppose c - m + 2 = -4*m, 0 = -4*c + 3*m + 7. What are the prime factors of (c - 6/(-3))*3?
3
Let x(f) = -f**3 - 6*f**2 - 2*f - 8. Let y be x(-6). Suppose 2*s + 2*s - 28 = -2*t, y*s = 5*t - 56. What are the prime factors of t?
2, 3
Suppose z = -n + 16, -2*z - z = -15. Let w = n + -7. Suppose d = w*d - 30. List the prime factors of d.
2, 5
Let s = -23 - -38. What are the prime factors of s?
3, 5
Let h = 26 - 16. List the prime factors of (-1496)/(-55) - 2/h.
3
Suppose 0 = 3*s - 4*g - 29, 4*s - 23 + 6 = g. Suppose -s*u + 65 = 4*i - 56, -2*i + u = -53. List the prime factors of i.
2, 7
Suppose n + 0*n - 7 = 0. Let u(x) = x**3 - 8*x**2 + 8*x - 4. Let v be u(n). Suppose -4*i + 12 = 3*d - d, -v*i = 4*d - 14. What are the prime factors of d?
2
Suppose 0 = 2*d - 1 - 5. Suppose -v - v + 4*r = 22, -d*v - 4*r = -17. Let j(h) = 13*h**2 - h - 1. What are the prime factors of j(v)?
13
Let v(w) = -w**3 - 8*w**2 - 7*w + 10. Let y be 7/(1 - (-2)/(-1)). What are the prime factors of v(y)?
2, 5
What are the prime factors of 202/((-3)/(12/(-8)))?
101
Let u(q) = -7*q - 24. List the prime factors of u(-6).
2, 3
Let k be -2 - -1 - (-60)/6. Suppose -2*a - a = -k. Suppose a*h + 8 = 7*h. List the prime factors of h.
2
Let m = 9 + -5. Suppose -m*k = -0*k - 48. List the prime factors of k.
2, 3
Let q(f) = 3*f**2 - 2*f - 1. Suppose 3 = 2*g - 5*p + 15, -g + 2*p - 5 = 0. Let z be q(g). Suppose -z*l + 21 = -3. List the prime factors of l.
2, 3
Suppose 0 = 5*c - c. Let r be 0/(0 + -1 + 0). Suppose -2*a + r*g = -4*g, c = -2*g + 8. What are the prime factors of a?
2
Let m(a) = -a**2 + 3*a + 3. Let t be m(4). Let i be (1 - t)*(-5)/(-2). Suppose -f + 12 = 2*s, 3*s - 3*f - 2*f - i = 0. List the prime factors of s.
5
Let f(g) = 9*g + 0 + g**2 + 0. Let z be f(-9). Suppose z*b - 2*b = -14. What are the prime factors of b?
7
Suppose -4*t = j - 3*j, -2*t = -4*j + 30. Suppose 0*a + 2*a = -j. Let u = a - -11. What are the prime factors of u?
2, 3
Suppose -10 = 6*s - 8*s. What are the prime factors of s?
5
Let v = 2 + 1. Suppose 2*f + 4 = v*f. What are the prime factors of f?
2
List the prime factors of (-1530)/(-25) - 4 - 2/10.
3, 19
Let v(s) be the second derivative of -3*s**3/2 - 2*s**2 + 6*s. List the prime factors of v(-4).
2
Let o = 8 + 4. List the prime factors of o.
2, 3
Suppose 2*p = -2*p - 12. What are the prime factors of 31*(9/p - -4)?
31
Suppose 5*g - 195 = 2*q, -144 = -3*g - 4*q - 1. What are the prime factors of g?
41
Suppose 16 = -0*c + 4*c. Let t be 0/(-1) + 0 + c. Suppose -5*j = 3*i - 28, -3*j + 21 = 2*j - t*i. What are the prime factors of j?
5
Suppose -3*p - i = p + 43, 5*p + i = -55. Let y = 0 + -1. Let b = y - p. What are the prime factors of b?
11
Let g(q) be the second derivative of q**4/4 - q**3/3 + 3*q**2/2 - 5*q. List the prime factors of g(3).
2, 3
Suppose 40 = z - 2*s, 0 = 4*z - z - s - 110. List the prime factors of z.
2, 3
Suppose 16 = 5*k - 19. Suppose 16 = -k*m + 9*m. What are the prime factors of m?
2
Let h = -22 + 84. Let p = h - 34. List the prime factors of p.
2, 7
Let r(v) be the third derivative of v**6/60 - v**5/30 - v**4/24 + v**3/2 + 4*v**2. What are the prime factors of r(3)?
2, 3
Let r = 1 + 3. List the prime factors of r.
2
Let g be (4 - 0)/1 - 2. Suppose 25 = g*k + 3*k. Suppose k*w = 25 + 20. What are the prime factors of w?
3
Let x(o) = -11*o - 10. List the prime factors of x(-8).
2, 3, 13
Suppose 5*y = -0*y - 3*j + 247, 0 = -4*y + j + 201. What are the prime factors of y?
2, 5
Let x(b) = b**3 + 6*b**2 + b + 5. Let q be x(-6). Suppose 2*y + 0*t - 23 = -t, 4*t + 25 = y. Let m = y + q. What are the prime factors of m?
2, 3
Let t be ((-1)/(-3))/((-2)/(-12)). Suppose -t*j + 30 = 2. Suppose -4*d = -a + 30, 2*d + 6 + j = a. What are the prime factors of a?
2, 5
Let s(n) = n**3 - 5*n**2 + 6*n - 4. Let j be (-6)/5*30/(-9). Let u be s(j). Suppose 0*k - k = -u. List the prime factors of k.
2
Let r(c) = -c**2 - 5 - 2*c**2 + 2*c**2 - 8*c. Let i be r(-9). Let p = -2 - i. List the prime factors of p.
2, 3
Let d = 43 + -26. Let h = d - 6. Suppose 19 = 3*z - h. What are the prime factors of z?
2, 5
Let l(r) = 8*r**2 + 3*r + 2. What are the prime factors of l(-2)?
2, 7
Let s(q) = q - 5. Let d be s(5). Suppose -h = -d*h. Let a = h - -6. What are the prime factors of a?
2, 3
Let u(d) = d**2 - 6. Let m be u(5). Suppose -5*b = 3*s - 5, -2*b + 2*s + 3 - 1 = 0. Suppose m = 2*i - b. What are the prime factors of i?
2, 5
Let p(d) = -d + 7. Let b be p(5). Suppose 0 = b*f + 3*f - 40. Suppose f*l - 3*l - 26 = -k, l = 3. What are the prime factors of k?
11
Let z = -6 - -8. Suppose -4*j = 4, 5*j = 3*w + z*w. What are the prime factors of 4 + w*4 + 3?
3
Let r = -24 + 62. List the prime factors of r.
2, 19
Let a(f) = -f**3 + 1. List the prime factors of a(-2).
3
Suppose 112 = 2*i + 24. List the prime factors of i.
2, 11
Let w(z) = -5*z - 1. Let c(n) = 4*n + 1. Let d(m) = 6*c(m) + 5*w(m). List the prime factors of d(-3).
2
Let s(l) be the second derivative of 25*l**4/12 - l**2/2 + l. List the prime factors of s(1).
2, 3
Let v(d) = 8*d**2 + 2*d + 9. List the prime factors of v(-5).
199
Let g = 352 + -228. List the prime factors of g.
2, 31
Let h be 18/3 + 2 + -3. Let i be h + -3 - 0/(-1). Let n = 7 - i. What are the prime factors of n?
5
Let f = -6 - -9. Suppose -3*a - 2*d + 16 = -f*d, 8 = 4*a + 2*d. What are the prime factors of a?
2
Let m be 1 - (0 + 3/3). Suppose 2*d - 4 = m, 4*p - 3*d = 7 + 7. Suppose -3*j = -5*j + p*b + 13, -4*b = 3*j - 8. What are the prime factors of j?
2
Suppose 2*h - 863 = -3*j, -3*j + 3*h = -883 + 40. List the prime factors of (4/(-5))/((-6)/j).
2, 19
Let n be 5/1 + 1 + -2. Suppose -5*o + 35 = -0*o + s, 5*o - n*s - 35 = 0. What are the prime factors of o?
7
Let p be 1 + (3 - 1) + 0. Suppose -4*l = -3*l - p. Suppose -21 = -4*x + g + 5, -l*x + 26 = -4*g. What are the prime factors of x?
2, 3
Let y = -8 - -8. Suppose y = 2*i - 7*i + 85. List the prime factors of i.
17
Let l(y) = -8*y - 5. Let x be l(-5). Suppose -g - 3*z + z + 20 = 0, -z + x = 3*g. What are the prime factors of g?
2, 5
Suppose -3*b - 12 = -6*b. Suppose -13 = -v - l - b, l + 31 = 4*v. List the prime factors of v.
2
Let v(z) = 4*z**2 + 9*z + 12. List the prime factors of v(-5).
67
Let c be (-2680)/(-70) + (-2)/7. Suppose -2*s - 26 = -3*s. Let w = c - s. What are the prime factors of w?
2, 3
Let i = 7 + -5. Let r = i - 1. What are the prime factors of (4/6)/(r/18)?
2, 3
Let m(c) = c**2 - 9*c - 3. What are the prime factors of m(19)?
11, 17
Suppose 3*t - 24 = 6*t. Let c = t - -11. List the prime factors of c.
3
Let w(m) = -m**3 - 8*m**2 + 8*m - 4. Let a be w(-9). Suppose 0 = -2*g - 3*h - h + 24, -a*g + 3*h + 86 = 0. List the prime factors of g.
2
Let a(b) = b + 11. Suppose -5*m + 5*r = 35, -5*r + 19 = -3*m - r. List the prime factors of a(m).
2
Suppose -3*x + 36 = -4*a + 2*x, 2*a - 2*x + 18 = 0. Let z be 1 - -1 - 9/a. Suppose 0 = z*p + 2*p - 25. List the prime factors of p.
5
Let m(l) = -l**2 + 1. Let k(y) = 6*y**2 - 8*y - 12. Let h(g) = k(g) + 5*m(g). Let r be h(7). Let b = r + 28. List the prime factors of b.
2, 7
Let w(u) = 14*u + 1. List the prime factors of w(5).
71
List the prime factors of -2 + (-10 - -5) + 86.
79
Let b = -2 - -6. Suppose -j - 4 = -2*o, -6 = -5*o + 3*j + b. Suppose 0 = 3*p + 2*p + o*d - 40, 4*p + d = 32. What are the prime factors of p?
2
Suppose -13 = -l + 41. What are the prime factors of l?
2, 3
Suppose -4*s = -64 - 20. What are the prime factors of (s/(-28))/((-2)/32)?
2, 3
Let o be 2/(-1) + 13 + -1. Suppose -o = 3*c + 2. What are the prime factors of -3*c/(-6) - -8?
2, 3
Suppose -2*s + 7 = -3*f, 0*s - 2*s + 2*f = -12. Let b = -2 + s. What are the prime factors of b?
3
Let v(o) = -5*o + 2*o**2 + o + 3*o - o. What are the prime factors of v(5)?
2, 5
Let v(c) = 5*c**2 + 2*c + 1. Suppose -10 = 5*r + b, r - b - 19 = 3*b. List the prime factors of v(r).
2
Let t(h) = 19*h**3 - h**2 + h**2 + 5*h**3. List the prime factors of t(1).
2, 3
Suppose -5*i + i + 32 = 0. Suppose 2*b = -2*b + i. List the prime factors of b.
2
Let s = -483 + 807. What are the prime factors of s?
2, 3
Let c(m) = -m**3 + m - 1. Let t be c(-2). Let o be 4*(-1 + t/2). What are the prime fa